 digit of a(s)?
6
Let r(z) be the first derivative of 32*z**2 + 6*z + 9. Let m be r(2). Let p = -91 + m. What is the units digit of p?
3
What is the units digit of (-2702)/(-3) - 7/(-21)?
1
Let d = 12 + -9. Suppose 4*v = d + 9. What is the units digit of 315/9 + v/1?
8
Suppose -4*t = 4*t - 2064. What is the units digit of t?
8
Let a(k) = 3*k - 6*k - 35 - k. What is the units digit of a(-18)?
7
Suppose 30643 = -72*b + 124027. What is the units digit of b?
7
Suppose 6*p = 7700 + 16138. What is the units digit of p?
3
Suppose 0 = 42*i - 46*i + 2628. What is the units digit of i?
7
What is the hundreds digit of (22736/24)/(6/9)?
4
Suppose 4*x = -3*t - 74, 2*t - 5*x = 7*t + 120. Let q = t - -25. Suppose 0*l + 132 = q*l. What is the tens digit of l?
4
Suppose 3*s + o = 2232, 3780 = 4*s + o + 805. What is the hundreds digit of s?
7
Suppose 3*l + 2*l - 3*b = 5231, 4*l = -5*b + 4170. What is the thousands digit of l?
1
Let f(n) = n**2 - 24*n + 63. What is the hundreds digit of f(43)?
8
What is the units digit of ((-104)/(-78))/((-2)/(-2724))?
6
What is the hundreds digit of (-3310)/2*7/105*-12?
3
Let n(m) = -16*m + 127. What is the tens digit of n(-8)?
5
Suppose -10*a + 42 = -7*a. What is the tens digit of a?
1
Suppose 0 = -2*n - 3*n + 40. Let d = n - 6. Suppose 15 = i + d. What is the units digit of i?
3
Let l = -3174 + 5355. What is the hundreds digit of l?
1
Let i be 61/1 - (2 - (-1 + 2)). Suppose 7*o - i = 38. What is the tens digit of o?
1
What is the thousands digit of (-3 + (-49)/(-14))/(2/5120)?
1
Let f = -558 + 1280. What is the units digit of f?
2
Let c = -13 - 11. Let v = 53 - c. What is the tens digit of v?
7
Suppose -12*y - 858 = -15*y. What is the hundreds digit of y?
2
Let r be (-2 - (-2 - 1))*5. Let l be r/25 - (-14)/5. Suppose t = l*t - 58. What is the tens digit of t?
2
What is the thousands digit of -1*12/(-24)*3718?
1
Let p(j) = -j**2 - j + 3. Let n be p(0). Let i = 91 + n. What is the units digit of i?
4
What is the thousands digit of (-1 + 2)*(1287 - 1)?
1
Let y(h) = h - 36. Let q(c) = -c. Let v(i) = 6*q(i) + y(i). What is the units digit of v(-16)?
4
Let p be (1 - 4) + 18/6. Let m(i) = 3 - 9 - 3 + p*i + 4*i. What is the units digit of m(7)?
9
Let m(p) = -4*p - 1. Let j be m(-4). Let k = j - 8. Suppose -o + k*o = 90. What is the tens digit of o?
1
Let l(c) = -2*c - 13. Let b be l(-6). Let m(t) = -77*t**3 + t + 1. What is the tens digit of m(b)?
7
Suppose 0 = -2*s - 2*j + 7224, 5*s - 2*j - 6144 - 11881 = 0. What is the thousands digit of s?
3
Suppose -8*f = -3*f - 2970. What is the hundreds digit of f?
5
Let r(j) = -11*j + 308. What is the hundreds digit of r(-21)?
5
What is the hundreds digit of 10/35 + 15/63*7731?
8
Let v(m) be the third derivative of -m**7/1680 - m**6/48 - m**5/12 + 3*m**2. Let x(f) be the third derivative of v(f). What is the tens digit of x(-12)?
2
Suppose 5*u + 264 = 2*u. Let m = u - -143. What is the units digit of m?
5
Let l = 54 - 59. What is the units digit of (-2 + l/10)/((-2)/36)?
5
Let y = -347 + 622. Suppose -58*r + 63*r - y = 0. What is the units digit of r?
5
What is the tens digit of (-2 - 0/(-2))*(-240 - -1)?
7
Let h(d) = -3 - d**2 - 3*d**2 - d + d**3 - 4 - 3. What is the tens digit of h(6)?
5
Let u be (-1)/(-1)*-4 - -9. Let j be 2/(-8) + 501/4. Suppose 3*m - 4*i = m + 32, u*m - j = i. What is the units digit of m?
6
Let m(b) = b**2 - 2*b + 13. Let t be m(-9). Suppose 6*l - 2*l = 0, -4*u - l + t = 0. What is the units digit of u?
8
Let s(c) = 11*c**2 + 10*c - 154. What is the hundreds digit of s(19)?
0
Let r(y) = -y**2 - 15*y - 23. Let g(x) = -5*x**2 - 61*x - 92. Let u(f) = 2*g(f) - 9*r(f). What is the units digit of u(12)?
5
Let y(t) = 9*t**2 - 8*t + 10. Let f be y(5). What is the units digit of ((-12)/5)/((-6)/f)?
8
Suppose -2*b = -4*w - 1480, -2*b - 5*w = -2*w - 1515. What is the hundreds digit of b?
7
Let n be (-5)/2*24/(-15). Let v be (-2)/(n + (-334)/84). Let z = v + 120. What is the units digit of z?
6
Suppose -19*b = -18*b - 65. Suppose 509 = 6*t + b. What is the tens digit of t?
7
Suppose 2*m + 2*a - 8650 = 0, -5*a = -110*m + 113*m - 12977. What is the tens digit of m?
2
Suppose 500 = 9*d - 625. What is the tens digit of d?
2
Let o = 2 - -4. Let d be (-3)/(o/(-8) + 0). Suppose -4 = y, d*x + 2*y - 69 = 3. What is the units digit of x?
0
Let t(g) = 4*g**2 - 12*g + 24. What is the tens digit of t(28)?
2
Suppose -8*y + 12*y - 20 = 0. Suppose 3*x = -5*l + 9, 0 = 4*x + 6*l - 3*l - 12. Suppose 0 = -q + y*v - 4, 5*q - 31 = -x*v + 61. What is the units digit of q?
6
What is the units digit of -3*((-21)/(-4))/((-18)/80)?
0
Suppose -6*d + 3 = 33. What is the units digit of 498/4 - (d - (-104)/16)?
3
What is the hundreds digit of (-1)/(6/(-10614)*(2 - 1))?
7
Suppose -2*j + 156 = 2*j. Let v be 1527/j - 4/26. Let w = 70 - v. What is the tens digit of w?
3
Let k(s) = -s**2 + 6*s + 6. Let j = 4 + 2. Let u be k(j). Suppose -u = n - 40. What is the tens digit of n?
3
Suppose 0 = 7*z - 2*z - 15. Suppose 5*i + z - 23 = 0. What is the units digit of 22/i*(5 + -3)?
1
Let z = 1171 - 641. What is the units digit of z?
0
Let z = 188 - 24. Suppose -w - 3*w = -z. What is the tens digit of w?
4
Suppose -72 = -n + 2*f - 3*f, 0 = 5*f + 5. Let a = -81 + 34. Let z = a + n. What is the tens digit of z?
2
What is the hundreds digit of -3 + ((-27255)/(-92) - 2/8)?
2
Suppose -4 - 12 = -4*w. Suppose -w*a - 211 = -5*m, m = -a - 4*a + 19. What is the units digit of m?
9
Let y(l) be the second derivative of 11*l**3/6 + 7*l**2/2 - 13*l. What is the tens digit of y(3)?
4
Let p be (-4)/(-26) - (-24)/13. Suppose 1 + 3 = p*o, -3*r + 195 = 3*o. Let k = r + -10. What is the units digit of k?
3
Let j = -2 + -2. Suppose -4*g - 66 - 10 = 0. Let m = j - g. What is the tens digit of m?
1
What is the thousands digit of ((-1737)/5)/(2/(-10))?
1
Let q(v) = -113*v**3 + v**2 - 2*v - 2. Let z be q(-2). Suppose 5*t = -u + 922, 0 = 2*t + 3*t + 5*u - z. What is the hundreds digit of t?
1
Suppose -4*o - 61 = -o + 4*i, o - 5*i + 14 = 0. Let z = -17 - o. What is the units digit of 230/70 - z/7?
3
Let x(v) = 10*v - 4. Suppose 3*d + 13 + 6 = 4*s, 16 = 4*s. Let g = d + 8. What is the tens digit of x(g)?
6
Let c(g) = 224*g**2 + 4*g + 6. What is the thousands digit of c(-3)?
2
Let x = -32 + 30. Let z be 0*-3*x/(-12). Suppose -f = -z*f - 49. What is the tens digit of f?
4
Let r(j) = 2*j**3 - 16*j**2 + 13*j - 6. What is the thousands digit of r(12)?
1
Suppose -28*t - t + 6177 = 0. What is the tens digit of t?
1
Suppose -5*k + 20 = -k, -2*k = -3*g - 325. What is the tens digit of (8/(-10))/(6/g)?
1
Let b be (-20)/50 - 284/(-10). Suppose -21 = 3*m + 3*w - 75, m - b = w. What is the tens digit of m?
2
Let f(y) = -y**2 - 15*y - 8. Let u(t) = t + 8. Let x be u(-15). What is the units digit of f(x)?
8
Suppose p = -d - 3*p - 10, -5*d = -2*p - 60. Suppose d*h - 63 = 297. What is the tens digit of h?
3
Suppose a + 3*a + 5*o - 25 = 0, 4*a - 18 = 2*o. Suppose -3*v + 4*i + 4 = a, -5*v = -2*i - 17. Let m(t) = 8*t + 2. What is the units digit of m(v)?
2
Let d(m) = -m**3 + 9*m**2 + 8*m + 7. Let u be d(7). Let h = u - 239. What is the tens digit of (h/(-91))/((-1)/(-49))?
4
Let w = 27 - -49. Let z = w + -47. What is the units digit of z?
9
Let n(m) = -2*m**3 + 17*m**2 - 2*m + 4. Let g be n(8). What is the tens digit of 302/8 - (4 + g/(-16))?
3
Suppose -58*h + 62*h - 8496 = -5*k, 0 = -4*k + 2*h + 6776. What is the units digit of k?
6
Let g = 98 - 67. Suppose 30*x = g*x - 51. What is the units digit of x?
1
Suppose 60 = 11*d - 380. Let l = 27 + d. What is the tens digit of l?
6
Let i = -53 + 58. Suppose -5*p + 126 = -i*d - 139, 2 = 2*d. What is the tens digit of p?
5
Suppose 2*a + 4 = -4*u + 4*a, -1 = 3*u - 2*a. Let s be 18 + u/(9/(-12)). Suppose -i + s = -0*i. What is the units digit of i?
2
Let v = 12 - -60. What is the tens digit of v?
7
Suppose 0 = -4*f - 3*f + 10465. What is the units digit of f?
5
What is the units digit of 1416 - (4 + (1 - 5) + 0)?
6
Let u(j) = j**2 + 95 + j**2 + 2*j**2 - 5*j**2 + j. What is the units digit of u(0)?
5
Let a(t) = t**3 + 7*t**2 - 15*t - 91. Let p be a(-7). Let k = -1 + 3. Suppose -k*m + 96 = p. What is the tens digit of m?
4
Suppose 10*x - 2381 = -821. What is the units digit of x?
6
Let s = 13 - -6. Suppose -2*x = -8, 0 = -v - 3*x 